{"id":10984,"date":"2025-07-11T13:38:43","date_gmt":"2025-07-11T16:38:43","guid":{"rendered":"https:\/\/pontodospisos.com.br\/?post_type=product&#038;p=10984"},"modified":"2025-07-11T13:38:43","modified_gmt":"2025-07-11T16:38:43","slug":"argamassa-fassa-bortolo-multiflex","status":"publish","type":"product","link":"https:\/\/pontodospisos.com.br\/?product=argamassa-fassa-bortolo-multiflex","title":{"rendered":"ARGAMASSA FASSA BORTOLO MULTIFLEX"},"content":{"rendered":"","protected":false},"excerpt":{"rendered":"<div class=\"product-impiego-wrapper product-item-wrapper\">\n<div class=\"product-label\">\n<h3>Utiliza\u00e7\u00e3o<\/h3>\n<\/div>\n<div class=\"product-impiego\">\n<p>FASSA.COLA MULTIFLEX \u00e9 utilizada para o assentamento de:<\/p>\n<p>Cer\u00e2micas e porcelanatos de at\u00e9 120 x 120 cm em ambientes internos e de at\u00e9 100 x 100 cm em ambientes externos, tanto em pisos quanto em paredes (exceto fachadas)<\/p>\n<p>Assentamento de pedra natural, m\u00e1rmore e granito est\u00e1veis \u00e0 umidade e n\u00e3o sujeitos \u00e0 manchas de at\u00e9 80 x 80 cm em \u00e1reas internas<\/p>\n<p>Sobreposi\u00e7\u00e3o em pavimentos pr\u00e9-existentes de cer\u00e2micas e porcelanatos at\u00e9 120 x 120 cm em ambientes internos<\/p>\n<p>Assentamento em ambientes com alto tr\u00e1fego de pedestres<\/p>\n<p>N\u00e3o utilizar nos seguintes casos:<\/p>\n<p>Assentamento em piscina.<\/p>\n<p>Assentamento em ambientes com condi\u00e7\u00f5es de uso particularmente severas (saunas, c\u00e2maras frigor\u00edficas, churrasqueiras, etc.)<\/p>\n<p>Assentamento de pedras naturais sens\u00edveis a umidade e manchas<\/p>\n<p>Assentamento em superf\u00edcies com elevadas temperaturas (acima de 70\u00b0C)<\/p>\n<p>Assentamento em fachadas<\/p>\n<\/div>\n<\/div>\n<div class=\"product-fornitura-wrapper product-item-wrapper\">\n<div class=\"product-label\">\n<h3>Fornecimento<\/h3>\n<\/div>\n<div class=\"product-fornitura\">\n<p>Sacos especiais com prote\u00e7\u00e3o contra a umidade de aprox. 20 kg<\/p>\n<\/div>\n<\/div>\n","protected":false},"featured_media":10985,"template":"","meta":{"site-sidebar-layout":"default","site-content-layout":"","ast-site-content-layout":"default","site-content-style":"default","site-sidebar-style":"default","ast-global-header-display":"","ast-banner-title-visibility":"","ast-main-header-display":"","ast-hfb-above-header-display":"","ast-hfb-below-header-display":"","ast-hfb-mobile-header-display":"","site-post-title":"","ast-breadcrumbs-content":"","ast-featured-img":"","footer-sml-layout":"","ast-disable-related-posts":"","theme-transparent-header-meta":"default","adv-header-id-meta":"","stick-header-meta":"","header-above-stick-meta":"","header-main-stick-meta":"","header-below-stick-meta":"","astra-migrate-meta-layouts":"set","ast-page-background-enabled":"default","ast-page-background-meta":{"desktop":{"background-color":"","background-image":"","background-repeat":"repeat","background-position":"center center","background-size":"auto","background-attachment":"scroll","background-type":"","background-media":"","overlay-type":"","overlay-color":"","overlay-opacity":"","overlay-gradient":""},"tablet":{"background-color":"","background-image":"","background-repeat":"repeat","background-position":"center center","background-size":"auto","background-attachment":"scroll","background-type":"","background-media":"","overlay-type":"","overlay-color":"","overlay-opacity":"","overlay-gradient":""},"mobile":{"background-color":"","background-image":"","background-repeat":"repeat","background-position":"center center","background-size":"auto","background-attachment":"scroll","background-type":"","background-media":"","overlay-type":"","overlay-color":"","overlay-opacity":"","overlay-gradient":""}},"ast-content-background-meta":{"desktop":{"background-color":"var(--ast-global-color-5)","background-image":"","background-repeat":"repeat","background-position":"center center","background-size":"auto","background-attachment":"scroll","background-type":"","background-media":"","overlay-type":"","overlay-color":"","overlay-opacity":"","overlay-gradient":""},"tablet":{"background-color":"var(--ast-global-color-5)","background-image":"","background-repeat":"repeat","background-position":"center center","background-size":"auto","background-attachment":"scroll","background-type":"","background-media":"","overlay-type":"","overlay-color":"","overlay-opacity":"","overlay-gradient":""},"mobile":{"background-color":"var(--ast-global-color-5)","background-image":"","background-repeat":"repeat","background-position":"center center","background-size":"auto","background-attachment":"scroll","background-type":"","background-media":"","overlay-type":"","overlay-color":"","overlay-opacity":"","overlay-gradient":""}},"_joinchat":[]},"product_brand":[48],"product_cat":[36],"product_tag":[],"class_list":{"0":"post-10984","1":"product","2":"type-product","3":"status-publish","4":"has-post-thumbnail","6":"product_brand-fassa-bortolo","7":"product_cat-argamassa-e-rejuntes","8":"desktop-align-left","9":"tablet-align-left","10":"mobile-align-left","12":"first","13":"instock","14":"shipping-taxable","15":"product-type-simple"},"aioseo_notices":[],"_links":{"self":[{"href":"https:\/\/pontodospisos.com.br\/index.php?rest_route=\/wp\/v2\/product\/10984","targetHints":{"allow":["GET"]}}],"collection":[{"href":"https:\/\/pontodospisos.com.br\/index.php?rest_route=\/wp\/v2\/product"}],"about":[{"href":"https:\/\/pontodospisos.com.br\/index.php?rest_route=\/wp\/v2\/types\/product"}],"wp:featuredmedia":[{"embeddable":true,"href":"https:\/\/pontodospisos.com.br\/index.php?rest_route=\/wp\/v2\/media\/10985"}],"wp:attachment":[{"href":"https:\/\/pontodospisos.com.br\/index.php?rest_route=%2Fwp%2Fv2%2Fmedia&parent=10984"}],"wp:term":[{"taxonomy":"product_brand","embeddable":true,"href":"https:\/\/pontodospisos.com.br\/index.php?rest_route=%2Fwp%2Fv2%2Fproduct_brand&post=10984"},{"taxonomy":"product_cat","embeddable":true,"href":"https:\/\/pontodospisos.com.br\/index.php?rest_route=%2Fwp%2Fv2%2Fproduct_cat&post=10984"},{"taxonomy":"product_tag","embeddable":true,"href":"https:\/\/pontodospisos.com.br\/index.php?rest_route=%2Fwp%2Fv2%2Fproduct_tag&post=10984"}],"curies":[{"name":"wp","href":"https:\/\/api.w.org\/{rel}","templated":true}]}}